= 2*a**2 - 24*a - 26. Let h be x(13). Suppose h*s + 1090 = 5*s. List the prime factors of s.
2, 109
Let l(c) = c + 13. Let q be l(22). Let a = 17 + q. What are the prime factors of a?
2, 13
Suppose 2*j = 4*v + 2858, 5708 = 4*j - 55*v + 51*v. What are the prime factors of j?
3, 5, 19
Suppose 0 = -o + 2, -19 = -3*r - 2*o. Let k = 27 - r. List the prime factors of k.
2, 11
Suppose 4*u = -4*l - 32, -4*u = 3*l + 34 - 5. Let x = 5 + l. Suppose 4*k + x = 14, k = 4*y - 101. List the prime factors of y.
2, 13
Suppose -3*s = -64 - 875. Suppose -187 = -2*g + s. Suppose 5*r + 212 - 41 = 4*p, 0 = -5*p - r + g. List the prime factors of p.
7
Suppose 3*l + 15 = 3, -3*y = -3*l - 39. Let q be -1*(-1)/((-3)/y). List the prime factors of -1*(852/4)/q.
71
Suppose 0 = 15*f - 7335 - 5925. List the prime factors of f.
2, 13, 17
Let a = -40 + 33. Let p = a - -74. List the prime factors of p.
67
Let y(k) = k**2 + 4*k + 3. Let m be y(0). Suppose -3*c + 126 = -a - 444, 0 = m*c - 5*a - 570. What are the prime factors of c?
2, 5, 19
Suppose 4*u = 6*u - 330. Suppose 0 = -30*j + 34*j - 40. Suppose -5*x - u = -j*x. List the prime factors of x.
3, 11
Let f(p) = 18. Let c(x) = -x - 1. Let l(a) = -3*c(a) - f(a). Suppose -3*m - 42 = -5*u - 4*m, 2*u + 5*m - 26 = 0. List the prime factors of l(u).
3
Let n = 566 + -503. List the prime factors of n.
3, 7
Suppose 3*x - 4*f - 54 = 0, -18 = -3*x + 2*x + 5*f. List the prime factors of (531/(-12))/(x/(-24)).
59
Let f be 2/6 - (-2)/(-6). Let z = 0 - -4. Suppose 4*j + f*n - n = 50, 47 = 3*j + z*n. What are the prime factors of j?
13
Let d(k) = 520*k + 8. What are the prime factors of d(1)?
2, 3, 11
Let k(u) = -2 + 20*u + 6 - 4 + 1. Let q be k(1). Suppose 229 = 5*j - q. What are the prime factors of j?
2, 5
Let y = 55 + -14. Suppose y*c - 44*c + 33 = 0. List the prime factors of c.
11
Let i(t) = -t**3 - t**2 + 2*t + 590. Let h be i(0). Suppose -8*r + h = -3*r. What are the prime factors of r?
2, 59
Let g = 27 - 84. Let t = g - -82. What are the prime factors of t?
5
Let z(u) be the third derivative of -7*u**4/24 + 11*u**3/3 - 4*u**2. What are the prime factors of z(-6)?
2
Let p(x) = 9*x**2 - 12*x + 9. Let m be p(10). Let j = m + -417. Suppose 0 = 8*o - 2*o - j. What are the prime factors of o?
2, 31
Suppose 0 = -2*a + 6*a + 5*s - 15182, -3*a - 4*s + 11386 = 0. What are the prime factors of a?
2, 3, 211
Let m(k) = 6*k**3 - 2*k**2 + 8*k - 3. List the prime factors of m(2).
53
Suppose 0 = 4*c - 3*t - 237 - 1253, 2*t = -c + 367. List the prime factors of c.
7, 53
Suppose -2*k + 6*k - r = -45, 3*k - 5*r + 38 = 0. Let s = -3 - k. Suppose s - 26 = -m. List the prime factors of m.
2, 3
Let u be 11/2*(-13 + 7). What are the prime factors of 3 - 1 - 2/(6/u)?
13
Suppose -64 = -5*d - 24. Suppose d = -c + 4*a, 4*a + 5 = -2*c + a. List the prime factors of (28 + 14)/((-3)/c).
2, 7
Let j(m) = 31 - m**2 + 12 + 0*m**2 + 16*m - 15. List the prime factors of j(11).
83
Suppose -4*b + 1 = -5*q, 3*q + q = -4*b + 28. Let p(r) = r**3 - 4*r**2 + 1. Let h be p(b). Suppose -h = y - 5. What are the prime factors of y?
2
Let k = 699 + -669. List the prime factors of k.
2, 3, 5
What are the prime factors of (-4)/(-3)*436 + (-28)/84?
7, 83
Let f(t) = -13*t + 20. Let d(p) = -7*p + 10. Let x(r) = 11*d(r) - 6*f(r). Let y be x(0). What are the prime factors of (-186)/(-14) - y/(-35)?
13
Let m = -146 - -426. What are the prime factors of m?
2, 5, 7
Let i = -21 + 44. Let v = 20 - i. What are the prime factors of v + 0 + 0 - -43?
2, 5
Suppose 0 = -2*v - 3*v + 205. Suppose -3*j - 4*s - 38 = 0, -2*j + 7*j + 60 = -5*s. Let x = j + v. List the prime factors of x.
31
Suppose -x = 3*t - 861 - 771, 3*x = -t + 4904. List the prime factors of x.
3, 5, 109
Suppose 5*u - 346 = 129. Let w = -57 + u. List the prime factors of w.
2, 19
Suppose -5*b = -3*p + 1012, 5*p + 634 = -2*b + 2300. List the prime factors of p.
2, 167
Suppose 2*i = -2*p + 8, 0 = -8*i + 3*i - 2*p + 20. Suppose i*d - 7*d = -27. What are the prime factors of d?
3
Let g = 1 - 2. List the prime factors of 22752/90 - g/5.
11, 23
Let c be (8/(-2))/((-2)/13). Suppose -10*g - 108 = 2*g. Let i = c + g. List the prime factors of i.
17
Let i be -2*1/(14/(-12) + 1). What are the prime factors of i/(-4) - 8*-14?
109
Let l(q) = -q**3 + 25*q + 10*q**2 + 32*q - 3 + 32*q - 83*q. List the prime factors of l(4).
3, 13
Let c be -2 + -2 + 5 - -1. Suppose -27 = 4*u + 5*f - 2*f, -u - c*f - 13 = 0. Let s = 39 - u. What are the prime factors of s?
2, 3, 7
Let a = -424 - -536. List the prime factors of a.
2, 7
Suppose 4*s - 4*a + 40 = 0, 9 - 29 = 3*s + 2*a. List the prime factors of ((-50)/s)/(-3 + (-52)/(-16)).
5
Let s = -221 - -2379. Let o be s/11 + 2/(-11). Let v = o - 128. List the prime factors of v.
2, 17
Let r(p) = 10*p**3 + 1 + 20 - p + 8*p**3 - 17*p**3. Let c be 2/(-3) + 2/3. List the prime factors of r(c).
3, 7
Let d be (-4)/(-42) - 758/21. Let m(x) = -19*x**2 - 1. Let q be m(-2). Let t = d - q. What are the prime factors of t?
41
Let v = 4933 - 2405. What are the prime factors of v?
2, 79
Suppose -5*r + 0 = -3*b + 11, b + r = 9. Let a(v) = -b*v - 2*v + v**2 + 13 - 3*v. What are the prime factors of a(11)?
2
Let p = -60 - -63. Suppose -2*t - p*q + 19 - 2 = 0, 0 = -3*t - 5*q + 25. List the prime factors of t.
2, 5
Let b(g) = -g**2 + 15*g + 5. Let z be b(15). Suppose -233 = -z*u + 67. What are the prime factors of u?
2, 3, 5
What are the prime factors of 2126/8 + ((-4)/(-2))/8?
2, 7, 19
Let d = 469 + 60. Suppose -204 + d = 5*s. List the prime factors of s.
5, 13
Let d(h) = h**3 + 17*h**2 + 17*h + 8. Let w be d(-16). List the prime factors of (0 - w/(-3))*-27.
2, 3
Let f(j) = 235*j - 134. What are the prime factors of f(16)?
2, 7, 37
Suppose 3*x - 144 = -9*x. Suppose x*a - 144 = 36. List the prime factors of a.
3, 5
Suppose 207*z - 7875 = 200*z. List the prime factors of z.
3, 5
Suppose 0*t = 3*t - 2*h + 8, h + 10 = -2*t. Let g = t + 16. Suppose -4*f + 0*f - 20 = 0, 0 = l + 3*f - g. List the prime factors of l.
3
Let q(y) = 8*y**2 + 14*y - 49. What are the prime factors of q(8)?
5, 23
Suppose -4*i = -2*m - 68, 3*m - 7*i + 107 = -2*i. Let d be m*(2 - 4) - 1. Suppose t + t = -j + 40, d = 5*t - 4*j. List the prime factors of t.
19
Suppose 4*k - 2*s - 22 = 0, k - 3*s + 0*s = -7. Suppose k*z - 3*z - 115 = 0. What are the prime factors of z?
23
Let q(a) = 7*a**2 + 20*a + 95. List the prime factors of q(-7).
2, 149
Let r be (4/(-4))/(2/(-26)). Suppose -4*k = z + 7, -2*z - 21 = z - 4*k. Let h = z + r. What are the prime factors of h?
2, 3
Let j = -1 + 5. Suppose -r - j*b = 21, 0 = -r + 3*r + 3*b + 17. List the prime factors of 1/(21/(-24) - r).
2
Let u = 46 + -64. What are the prime factors of 37/3 + (-12)/u?
13
Suppose -47 = -14*g + 15*g. Let o = 109 - g. Suppose 2*z = o - 40. What are the prime factors of z?
2, 29
Let b(s) = 10*s - 41. Let w be b(12). Let p = w + 41. List the prime factors of p.
2, 3, 5
Let k = 30 + -35. Let l(o) = o. Let f be l(k). Let a(t) = -2*t - 3. List the prime factors of a(f).
7
Suppose 0 = -n + 5*n - 4, 0 = v - 5*n + 125. Let t = -64 - v. What are the prime factors of t?
2, 7
Let p(q) = -7*q - 4. Let k(s) = s - 2. Let h be k(1). Let c be p(h). Suppose 60 = 6*w - c*w. List the prime factors of w.
2, 5
Let g(z) = 4*z**2 - 6*z + 11. Let o(p) = -7*p**2 + 12*p - 21. Let t(r) = 11*g(r) + 6*o(r). List the prime factors of t(-6).
31
Suppose 3*o + 5*g - 2765 = -0*o, 5*g + 10 = 0. List the prime factors of o.
5, 37
Let t(f) be the first derivative of -f**4/12 + 3*f**3/2 - 5*f**2/2 - f + 6. Let v(a) be the first derivative of t(a). What are the prime factors of v(8)?
3
Suppose -3 - 9 = 4*z. Let c = 12 - z. List the prime factors of (246/c)/(4/10).
41
Let t(w) = -w**3 - 26*w**2 + 2*w + 52. Let j be t(-26). Suppose -f + 393 = 4*s, j = 5*s + 2*f - 0*f - 492. List the prime factors of s.
2, 7
Suppose 3*d - 20 - 16 = 0. Suppose -15*f + d*f = -210. What are the prime factors of (-3)/(-1)*f/42?
5
Suppose 2*l + 3057 = 3*z, -5*z + 4610 = -l - 478. What are the prime factors of z?
3, 113
Let w = -1045 + 2150. List the prime factors of w.
5, 13, 17
Let k(u) = 9*u**2 - 8*u**2 - 9 - 2*u + 12*u - 2*u**2. List the prime factors of k(3).
2, 3
Let t(p) = p**3 + 3*p**2 - 7*p + 41. List the prime factors of t(15).
2, 1993
Let x = 552 - -3584. L